) = 25*j - 10. Let y = 70 + -68. List the prime factors of q(y).
2, 5
Let h = -211 - -269. Let w = -1 + 6. Suppose -3*x + 0*f + 2*f = -123, h = x + w*f. What are the prime factors of x?
43
Suppose 2*l - n - 151 = 0, -9*l = -14*l + n + 379. What are the prime factors of l?
2, 19
Let s = 720 + 2326. List the prime factors of s.
2, 1523
Let q(n) = 6*n + 23. Let u(f) = 12*f + 45. Let w(j) = 5*q(j) - 2*u(j). What are the prime factors of w(6)?
61
Let z(b) = 2*b + 129. List the prime factors of z(-13).
103
Let i = 6850 + -3691. What are the prime factors of i?
3, 13
Let c = -2397 - -3389. List the prime factors of c.
2, 31
Let c(y) = 4*y - 5. Let v(l) = -9*l + 11. Let k(f) = 14*c(f) + 6*v(f). Let z be k(7). Suppose 6*b = z + 26. List the prime factors of b.
2, 3
Let u(r) = -r**2 - 7*r + 9. Let w be (-9)/6*8 + 4. Let k be u(w). List the prime factors of (k - 0) + 36/1.
37
Suppose -13*o + 1094 + 3807 = 0. What are the prime factors of o?
13, 29
Suppose -h = -3*g - 397, -2*h - 680 = 8*g - 3*g. List the prime factors of -1*(g - -1) - 1.
2, 3, 11
Let f = -33 - -13. Let v = 13 - f. List the prime factors of (-6)/(-9)*v/2.
11
Let y = 6 + -2. Suppose y*l - 219 = -47. Let w = -20 + l. List the prime factors of w.
23
Let j = 40 - 38. Suppose 116 - 10 = j*t. List the prime factors of t.
53
Let l(w) be the first derivative of -w**4/4 - w**3/3 + w**2/2 + 60*w - 13. List the prime factors of l(0).
2, 3, 5
Let l = 244 + 7. List the prime factors of l.
251
Let l = -97 + 784. What are the prime factors of l?
3, 229
Let i = -720 - -1088. List the prime factors of i.
2, 23
Let b = -38 + -249. Let l = -186 - b. What are the prime factors of l?
101
Suppose 0 = -1348*o + 1341*o + 5873. What are the prime factors of o?
839
Let m(a) = -a**3 - 3 - 3*a**3 - 6*a - a**3. Let u be ((-8)/(-20))/(2/(-10)). What are the prime factors of m(u)?
7
Suppose 14 = 4*y - 14. Let g be 201/y + 8/28. Suppose -2*t + g = -0*t - 5*k, 84 = 5*t - k. What are the prime factors of t?
17
Suppose -4*o + 2737 = -3*t, -6*o - t = -4*o - 1361. List the prime factors of o.
2, 11, 31
List the prime factors of (4 + 90)*4/(8/6).
2, 3, 47
Let h(r) = -5*r**3 - 7*r**2 - 32*r + 4. What are the prime factors of h(-8)?
2, 593
Let r = -1040 - -688. Let u = r + 536. List the prime factors of u.
2, 23
Suppose -5*u = -15 - 5. Suppose 0 = -0*i + 2*i + u. Let w = i - -6. What are the prime factors of w?
2
Let k = -46 + 50. Suppose 0*b - 4 = 4*z - k*b, -17 = z - 5*b. List the prime factors of z.
3
Let b(j) = -j**2 - 11*j + 16. Let t = 9 - 21. Let d be b(t). Suppose 0 = s - d*w - w + 12, 5*s + w = 18. List the prime factors of s.
3
What are the prime factors of (-8)/(-2) + 1*442?
2, 223
Suppose 0 = -u + 26 - 19. Suppose -60 = m - 4*m. Let j = m - u. What are the prime factors of j?
13
Let a(u) = -u**3 + 15*u**2 + 9*u - 37. Let f = 33 - 18. List the prime factors of a(f).
2, 7
Let g(r) = -r**3 + 26*r**2 - 119. List the prime factors of g(21).
2, 7, 149
Suppose 3*n = n + 272. Suppose 4*f - n = -4*f. What are the prime factors of f?
17
Let h(b) = -15*b - 1. Let q(v) = v**2 - 8*v + 4. Let l be q(5). Let s = l - -8. List the prime factors of h(s).
2, 11
Suppose z + 5*m + 30 = 0, z + 5*m + 165 = -3*z. Let q = -41 - z. What are the prime factors of q?
2
Let o(x) = 3*x + 1. Let g be o(4). Let k = g - 8. List the prime factors of 40/6*6/k.
2
Suppose -2*s = 2*s + 40. Let k(b) = 2*b - 12. Let g be k(0). Let d = s - g. What are the prime factors of d?
2
Let h(s) = 8*s - 31. Suppose -c - 4*c = -60. List the prime factors of h(c).
5, 13
Suppose -55 = -3*r + 92. Suppose -2*b + r = -113. What are the prime factors of b?
3
Suppose -3*g + 485 = -4*n, 0*n + 5*n = -4*g + 595. List the prime factors of g.
5, 31
Let z be (-3 - -5)*(-6)/8*10. Let x(u) = u + 21. List the prime factors of x(z).
2, 3
Let u(v) = 106*v**2 + 6*v - 13. List the prime factors of u(-4).
3, 7, 79
Suppose 0 = 15*q - 14*q - 924. List the prime factors of q.
2, 3, 7, 11
Let f = 1620 + -830. List the prime factors of f.
2, 5, 79
Let u = 248 + 156. List the prime factors of u.
2, 101
Let z(f) = -55*f**3 - 13*f**2 + 4*f + 4. What are the prime factors of z(-2)?
2, 3
Let r(h) = 36*h**2 + 108*h + 1. List the prime factors of r(-13).
31, 151
List the prime factors of ((-16)/28*30)/((-7)/490).
2, 3, 5
Let x = 1043 + 440. Suppose -1475 = -5*p - 5*o, 2*o + x = 5*p + 3*o. What are the prime factors of p?
3, 11
Let j(b) = b**3 - b**2 - 4*b + 5. Let x be j(2). List the prime factors of (-2 - -1 - x)*253/(-22).
23
Suppose 2*c = 19 + 39. Suppose 2*q - 3*q + 5*k = 22, -5*k - c = 2*q. Let u = q + 52. What are the prime factors of u?
5, 7
Let t(f) = f**2 - f - 3. Let c be t(0). Let k = 12 + c. Let h(o) = 2*o - 9. List the prime factors of h(k).
3
Let s = -47 + 52. Suppose -j + s*j = -16, 19 = u - 2*j. List the prime factors of u.
11
Let x be -1 + 42 + (-5 - -6). Suppose -x = -3*r + 48. List the prime factors of r.
2, 3, 5
Suppose j + 1 = 2. Suppose 7 = 3*o + j. Suppose 0 = o*d + c - 45, -d + 0*d + 25 = 3*c. List the prime factors of d.
2, 11
Let q be (-2 + 3)*(-48 - 3). Let f = 71 + q. What are the prime factors of f?
2, 5
Let l(m) = -m**3 + m**2 + 6*m + 3. Let u be l(3). Let g be (-10890)/(-144) - u/(-8). Let i = g - 11. List the prime factors of i.
5, 13
Let a = 529 + 1570. List the prime factors of a.
2099
Let s be 4/(-10) - (-1757)/5. Let t be 5/((-15)/12)*(-11 + 10). Suppose t*g - s + 147 = -4*m, 3*m - 2*g - 138 = 0. What are the prime factors of m?
2, 3
Let h be 3 + (-6*1)/(-3). Suppose h*q + 230 = 3*n, -2*q = 5*n - 0*q - 404. Suppose -6*o = -2*o - n. What are the prime factors of o?
2, 5
Let d = 133 - -49. Suppose n = 3*n - d. What are the prime factors of n?
7, 13
Let h be (12/5)/(8/(-180)). Let i = -36 - h. Suppose i = m - 16. List the prime factors of m.
2, 17
Let q(c) = 4*c**2 + 10*c + 182. What are the prime factors of q(21)?
2, 7, 11
Suppose -k + 3*n - 801 = -4*k, -811 = -3*k - 5*n. Suppose 7*h = 466 + k. What are the prime factors of h?
2, 13
Let s(z) = -21*z + 12 + z**2 + 6*z + 9*z + 4*z**2. What are the prime factors of s(6)?
2, 3, 13
Suppose -2270 - 4270 = -5*k - 5*g, 3*k - 4*g - 3917 = 0. List the prime factors of k.
1307
What are the prime factors of 21*-4*1/(-3)?
2, 7
Let s(q) be the first derivative of 5*q**2/2 - 20*q + 12. What are the prime factors of s(7)?
3, 5
What are the prime factors of (3/(-2))/((-33)/16126)?
733
Suppose 0 = 11*v - 11184 - 11113. What are the prime factors of v?
2027
Suppose u = -3*q + 258, 2*q + 5*u - 179 = 2*u. Suppose 833 = -13*i + 20*i. Let p = i - q. List the prime factors of p.
2, 17
Let o(c) = 3 - 7 - 1 + 8*c**2 - c**3 - 2*c + 0*c**2. What are the prime factors of o(5)?
2, 3, 5
Suppose 65*h = 62*h + 1644. List the prime factors of h.
2, 137
Suppose 6*p = 3*p + 114. Suppose -13 = -3*i + p. List the prime factors of i.
17
Let o(p) be the third derivative of p**5/15 + p**4/12 - p**3/3 - 2*p**2. Let t be o(-2). List the prime factors of 5/t - 46/(-4).
2, 3
Suppose 0 = 3*h - 6*h + 15. Let b = -82 - h. Let t = -24 - b. List the prime factors of t.
3, 7
Let d(x) = 4*x**2 - x + 1. Let r be d(1). Let f(l) = -15*l - 3. Let c(t) = 14*t + 3. Let o(b) = r*f(b) + 5*c(b). List the prime factors of o(2).
23
Let c(x) = x**3 + 4*x**3 - 11*x - 4*x**3 + 1 - 10*x**2. Let o be c(11). What are the prime factors of 2 - (o - (-38)/(-2))?
2, 5
Let d(r) = r**2 - 2*r - 9. Let x(a) = -a**2 + a + 12. Let v be x(0). List the prime factors of d(v).
3, 37
Let j = -768 + 1131. What are the prime factors of j?
3, 11
Let c(r) = 0*r - 2*r**2 + 8*r + 3*r**2 + 5. Let v(d) = d**2 + 22*d + 48. Let b be v(-19). What are the prime factors of c(b)?
2, 7
What are the prime factors of (-24)/(-18)*(0 + -3150)/(-2)?
2, 3, 5, 7
Suppose -2*q - 30 = -98. Suppose -36*c + 638 = -q*c. List the prime factors of c.
11, 29
Let c be (-72)/(-56) + -2*1/7. What are the prime factors of 0/c + -1 - -49?
2, 3
What are the prime factors of ((-5)/(10/4))/(3/(-18))?
2, 3
Let b(f) = 7*f**2 + 5*f - 54. What are the prime factors of b(-11)?
2, 3, 41
Let u be (318/(-4))/((-1)/2). Suppose -2*t + 2*j + 13 = -41, -5*t + u = 3*j. Suppose -66 - t = -4*l. List the prime factors of l.
2, 3
Let j = -2106 + 3135. Let i = j - 729. List the prime factors of i.
2, 3, 5
Suppose 4*a = 36*a - 79136. List the prime fa